me?
True
Is 820691 a composite number?
False
Is 8053 composite?
False
Is 113843 a composite number?
False
Is 4267 prime?
False
Is 106387 prime?
False
Is 38107 a composite number?
True
Is 13318 prime?
False
Is 2609 a composite number?
False
Is 50433 a composite number?
True
Is 9181 composite?
False
Is 113011 composite?
False
Is 6835 prime?
False
Is 4731703 prime?
False
Is 3539923 a composite number?
True
Is 14401 a prime number?
True
Is 26305 a prime number?
False
Is 175733 prime?
False
Is 27862 a composite number?
True
Is 569983 prime?
True
Is 500861 prime?
True
Is 217619 a prime number?
True
Is 21685 composite?
True
Is 907 a prime number?
True
Is 37079 a composite number?
True
Is 2383 a composite number?
False
Is 17245 a prime number?
False
Is 94747 a composite number?
False
Is 12443 a prime number?
False
Is 26141 a prime number?
True
Is 13649 composite?
False
Is 68743 prime?
True
Is 4535 a prime number?
False
Is 8391 a composite number?
True
Is 138961 a composite number?
True
Is 9803 a composite number?
False
Is 1657 a prime number?
True
Is 184309 prime?
True
Is 17827 composite?
False
Is 27427 composite?
False
Is 3793 a composite number?
False
Is 298937 prime?
True
Is 32919 a prime number?
False
Is 18191 composite?
False
Is 8717 composite?
True
Is 5623 a prime number?
True
Is 953671 a prime number?
True
Is 117527 a prime number?
False
Is 28837 prime?
True
Is 18353 composite?
False
Is 104843 a composite number?
True
Is 4971 a prime number?
False
Is 121909 prime?
True
Is 79141 composite?
True
Is 63929 a prime number?
True
Is 4427 prime?
False
Is 138913 composite?
True
Is 40739 prime?
True
Is 219749 a composite number?
False
Is 97457 a composite number?
True
Is 117647 composite?
True
Is 3133381 a composite number?
False
Is 111511 a prime number?
False
Is 49249 a prime number?
False
Is 3595 a prime number?
False
Is 132443 a composite number?
True
Is 300397 a prime number?
True
Is 1239509 a prime number?
True
Is 220501 composite?
True
Is 184441 a composite number?
False
Is 2503 composite?
False
Is 5363 prime?
False
Is 107182 a prime number?
False
Is 175829 a prime number?
True
Is 26929 a composite number?
True
Is 8147 composite?
False
Is 9057 a prime number?
False
Is 20373 a composite number?
True
Is 138155 a composite number?
True
Is 373 prime?
True
Is 333313 a composite number?
True
Is 28909 prime?
True
Is 87179 a prime number?
True
Is 151267 composite?
True
Is 13901 prime?
True
Is 5323 prime?
True
Is 705739 a prime number?
False
Is 23965 a composite number?
True
Is 290083 composite?
False
Is 1469 a composite number?
True
Is 14963 a prime number?
False
Is 13885 prime?
False
Is 378767 a prime number?
False
Is 6379 a prime number?
True
Is 275263 a composite number?
False
Is 61141 prime?
True
Is 264398 a prime number?
False
Is 311093 a composite number?
True
Is 25511 a composite number?
True
Is 40063 composite?
False
Is 24599 a prime number?
False
Is 1340765 a composite number?
True
Is 1249 composite?
False
Is 40611 a prime number?
False
Is 13765 a prime number?
False
Is 26453 a composite number?
True
Is 74491 a prime number?
False
Is 25523 a prime number?
True
Is 14591 a composite number?
False
Is 6599 composite?
False
Is 5557 a composite number?
False
Is 7583 composite?
False
Is 49909 prime?
False
Is 38903 a composite number?
False
Is 11863 prime?
True
Is 45119 composite?
False
Is 668407 composite?
False
Is 30055 a prime number?
False
Is 43959 a prime number?
False
Is 1797 a composite number?
True
Is 2632747 prime?
False
Is 140759 a prime number?
True
Is 122953 prime?
True
Is 31309 a prime number?
False
Is 31091 a prime number?
True
Is 385921 composite?
True
Is 201307 prime?
True
Is 61849 a prime number?
False
Is 10793 a prime number?
False
Is 79318 prime?
False
Is 532949 composite?
False
Is 47381 a prime number?
True
Is 368939 prime?
True
Is 1569289 a prime number?
True
Is 10313 prime?
True
Is 4571 a prime number?
False
Is 57689 prime?
True
Is 3967 a prime number?
True
Is 47239 prime?
False
Is 13105 a prime number?
False
Is 1327799 a prime number?
False
Is 5297 a composite number?
False
Is 93413 a prime number?
False
Is 29371 a prime number?
False
Is 7201 a composite number?
True
Is 1644065 a prime number?
False
Is 1211 a prime number?
False
Is 18593 a prime number?
True
Is 24937 a composite number?
True
Is 368171 prime?
True
Is 621821 prime?
True
Is 17123 composite?
False
Is 41381 a composite number?
False
Is 70613 composite?
True
Is 908041 prime?
True
Is 457599 a prime number?
False
Is 39251 prime?
True
Is 158291 composite?
True
Is 132017 composite?
True
Is 59435 prime?
False
Is 17819 prime?
False
Is 2231 composite?
True
Is 7003 a composite number?
True
Is 43957 a composite number?
True
Is 41671 a prime number?
False
Is 687253 a prime number?
False
Is 215621 a composite number?
True
Is 161951 composite?
True
Is 4413 prime?
False
Is 42943 prime?
True
Is 23726 a composite number?
True
Is 49681 a composite number?
False
Is 2371 prime?
True
Is 79751 prime?
False
Is 18059 composite?
False
Is 20323 a composite number?
False
Is 18517 prime?
True
Is 2866297 a prime number?
False
Is 476831 composite?
False
Is 17851 a composite number?
False
Is 8889 a prime number?
False
Is 200843 composite?
False
Is 58537 prime?
True
Is 691 a composite number?
False
Is 4037 composite?
True
Is 246371 a prime number?
True
Is 1611791 a prime number?
False
Is 20171 composite?
True
Is 19069 a prime number?
True
Is 59897 a prime number?
False
Is 1213 composite?
False
Is 7057 a composite number?
False
Is 203465 a composite number?
True
Is 52453 prime?
True
Is 890727 prime?
False
Is 39821 a prime number?
True
Is 2032678 a prime number?
False
Is 93277 a prime number?
False
Is 10529 composite?
False
Is 8249 composite?
True
Is 38543 composite?
False
Is 100151 a prime number?
True
Is 191413 a composite number?
False
Is 34171 a composite number?
False
Is 10727 a prime number?
False
Is 13331 prime?
True
Is 877 a composite number?
False
Is 273041 a prime number?
False
Is 1184221 a prime number?
False
Is 887 a prime number?
True
Is 22951 prime?
False
Is 47427 prime?
False
Is 4547 a prime number?
True
Is 29117 a prime number?
False
Is 14143 prime?
True
Is 5191 a composite number?
True
Is 94201 prime?
True
Is 54311 prime?
True
Is 166349 prime?
True
Is 19531 prime?
True
Is 4621 a prime number?
True
Is 237959 a prime number?
True
Is 2652473 a composite number?
False
Is 41279 composite?
True
Is 67589 prime?
True
Is 397 prime?
True
Is 28733 composite?
True
Is 2921 prime?
False
Is 11563 a prime number?
False
Is 803623 prime?
True
Is 523459 a composite number?
False
Is 233593 composite?
True
Is 76327 composite?
True
Is 19 composite?
False
Is 41827 a composite number?
True
Is 4181 composite?
True
Is 314159 composite?
False
Is 94513 prime?
True
Is 3491 prime?
True
Is 51791 a composite number?
True
Is 5163 a prime number?
False
Is 287171 composite?
True
Is 3793 a composite number?
False
Is 44227 a prime number?
False
Is 6197 a composite number?
False
Is 37423 a prime number?
True
Is 17229 composite?
True
Is 1755197 a composite number?
False
Is 22201 a prime number?
False
Is 4426 prime?
False
Is 1481 prime?
True
Is 59387 prime?
True
Is 26735 composite?
True
Is 20765 a composite number?
True
Is 614 composite?
True
Is 29411 a composite number?
False
Is 30117 a composite number?
True
Is 227761 prime?
False
Is 9026 a prime number?
False
Is 363235 a composite number?
True
Is 2058951 a prime number?
False
Is 21121 composite?
False
Is 10749 composite?
True
Is 5251 prime?
False
Is 3203 a prime number?
True
Is 5669 a composite number?
False
Is 850637 a composite number?
False
Is 371 a prime number?
False
Is 1209913 prime?
False
Is 4391 composite?
False
Is 58655 prime?
False
Is 139985 a prime number?
False
Is 2413 a prime number?
False
Is 1907662 prime?
False
Is 182681 a prime number?
True
Is 307 prime?
True
Is 359467 prime?
False
Is 99241 a composite number?
False
Is 19661 a prime number?
True
Is 63197 a composite number?
False
Is 3103 a prime number?
False
Is 46217 a prime number?
False
Is 73259 a composite number?
False
Is 1469 a prime number?
False
Is 24935 prime?
False
Is 7819 prime?
False
Is 45643 a prime number?
False
Is 2003321 a prime number?
True
Is 13849 a composite number?
True
Is 30911 c